{"id":564,"date":"2019-03-17T17:29:22","date_gmt":"2019-03-17T17:29:22","guid":{"rendered":"http:\/\/corcia.org\/Imitations\/?page_id=564"},"modified":"2024-10-31T22:11:02","modified_gmt":"2024-10-31T21:11:02","slug":"la-belgique","status":"publish","type":"page","link":"http:\/\/corcia.org\/Im2020\/la-belgique\/","title":{"rendered":"La Belgique"},"content":{"rendered":"\t\t<div data-elementor-type=\"wp-page\" data-elementor-id=\"564\" class=\"elementor elementor-564\">\n\t\t\t\t\t\t<div class=\"elementor-inner\">\n\t\t\t\t<div class=\"elementor-section-wrap\">\n\t\t\t\t\t\t\t\t\t<section class=\"elementor-section elementor-top-section elementor-element elementor-element-4f52aeea elementor-section-boxed elementor-section-height-default elementor-section-height-default\" data-id=\"4f52aeea\" data-element_type=\"section\">\n\t\t\t\t\t\t<div class=\"elementor-container elementor-column-gap-default\">\n\t\t\t\t\t\t\t<div class=\"elementor-row\">\n\t\t\t\t\t<div class=\"elementor-column elementor-col-100 elementor-top-column elementor-element elementor-element-206bf6bb\" data-id=\"206bf6bb\" data-element_type=\"column\">\n\t\t\t<div class=\"elementor-column-wrap elementor-element-populated\">\n\t\t\t\t\t\t\t<div class=\"elementor-widget-wrap\">\n\t\t\t\t\t\t<div class=\"elementor-element elementor-element-4c5e7534 elementor-widget elementor-widget-text-editor\" data-id=\"4c5e7534\" data-element_type=\"widget\" data-widget_type=\"text-editor.default\">\n\t\t\t\t<div class=\"elementor-widget-container\">\n\t\t\t\t\t\t\t\t<div class=\"elementor-text-editor elementor-clearfix\">\n\t\t\t\t<h3>La Belgique,<\/h3><p>pays de la frrritte, de la bi\u00e8re, du chocolat &#8230; et de la bande dessin\u00e9e.<\/p><p>Il est logique que la premi\u00e8re Imitation soit celle d&rsquo;un fameux personnage de BD.<\/p><p>C&rsquo;est aussi le pays des cousins Valentin !<\/p>\t\t\t\t\t<\/div>\n\t\t\t\t\t\t<\/div>\n\t\t\t\t<\/div>\n\t\t\t\t\t\t<\/div>\n\t\t\t\t\t<\/div>\n\t\t<\/div>\n\t\t\t\t\t\t\t\t<\/div>\n\t\t\t\t\t<\/div>\n\t\t<\/section>\n\t\t\t\t<section class=\"elementor-section elementor-top-section elementor-element elementor-element-17f062f elementor-section-boxed elementor-section-height-default elementor-section-height-default\" data-id=\"17f062f\" data-element_type=\"section\">\n\t\t\t\t\t\t<div class=\"elementor-container elementor-column-gap-default\">\n\t\t\t\t\t\t\t<div class=\"elementor-row\">\n\t\t\t\t\t<div class=\"elementor-column elementor-col-100 elementor-top-column elementor-element elementor-element-bc48b66\" data-id=\"bc48b66\" data-element_type=\"column\">\n\t\t\t<div class=\"elementor-column-wrap elementor-element-populated\">\n\t\t\t\t\t\t\t<div class=\"elementor-widget-wrap\">\n\t\t\t\t\t\t<div class=\"elementor-element elementor-element-fdca337 elementor-grid-eael-col-2 elementor-widget__width-inherit elementor-grid-tablet-eael-col-2 elementor-grid-mobile-eael-col-1 elementor-invisible elementor-widget elementor-widget-eael-post-grid\" data-id=\"fdca337\" data-element_type=\"widget\" data-settings=\"{&quot;eael_post_grid_columns&quot;:&quot;eael-col-2&quot;,&quot;_animation&quot;:&quot;fadeIn&quot;,&quot;eael_post_grid_columns_tablet&quot;:&quot;eael-col-2&quot;,&quot;eael_post_grid_columns_mobile&quot;:&quot;eael-col-1&quot;}\" data-widget_type=\"eael-post-grid.default\">\n\t\t\t\t<div class=\"elementor-widget-container\">\n\t\t\t<div id=\"eael-post-grid-fdca337\" class=\"eael-post-grid-container\">\n            <div class=\"eael-post-grid eael-post-appender eael-post-appender-fdca337 eael-post-grid-style-one\" data-layout-mode=\"masonry\"><article class=\"eael-grid-post eael-post-grid-column\" data-id=\"2506\">\n        <div class=\"eael-grid-post-holder\">\n            <div class=\"eael-grid-post-holder-inner\"><div class=\"eael-entry-media\"><div class=\"eael-entry-overlay fade-in\"><i class=\"fab fa-yammer\" aria-hidden=\"true\"><\/i><a href=\"http:\/\/corcia.org\/Im2020\/bruxelles-les-bourgeois-de-calais\/\"><\/a><\/div><div class=\"eael-entry-thumbnail \">\n                <img loading=\"lazy\" decoding=\"async\" width=\"300\" height=\"234\" src=\"http:\/\/corcia.org\/Im2020\/wp-content\/uploads\/nougeois-de-Calais-300x234.jpg\" class=\"attachment-medium size-medium wp-image-2508\" alt=\"\" srcset=\"http:\/\/corcia.org\/Im2020\/wp-content\/uploads\/nougeois-de-Calais-300x234.jpg 300w, http:\/\/corcia.org\/Im2020\/wp-content\/uploads\/nougeois-de-Calais-500x390.jpg 500w, http:\/\/corcia.org\/Im2020\/wp-content\/uploads\/nougeois-de-Calais.jpg 700w\" sizes=\"auto, (max-width: 300px) 100vw, 300px\" \/>\n            <\/div>\n        <\/div><div class=\"eael-entry-wrapper\"><header class=\"eael-entry-header\"><h2 class=\"eael-entry-title\"><a\n                        class=\"eael-grid-post-link\"\n                        href=\"http:\/\/corcia.org\/Im2020\/bruxelles-les-bourgeois-de-calais\/\"\n                        title=\"Bruxelles- Les Bourgeois de Calais\">Bruxelles- Les Bourgeois de Calais<\/a><\/h2><\/header><div class=\"eael-entry-content\">\n                        <div class=\"eael-grid-post-excerpt\"><p>Ce ne sont pas des Bourgeois , ils sont chacun cal\u00e9s dans leur domaine. Isabelle,.....<\/p><\/div>\n                    <\/div><\/div><\/div>\n        <\/div>\n    <\/article><article class=\"eael-grid-post eael-post-grid-column\" data-id=\"2243\">\n        <div class=\"eael-grid-post-holder\">\n            <div class=\"eael-grid-post-holder-inner\"><div class=\"eael-entry-media\"><div class=\"eael-entry-overlay fade-in\"><i class=\"fab fa-yammer\" aria-hidden=\"true\"><\/i><a href=\"http:\/\/corcia.org\/Im2020\/bruxelles-le-chat\/\"><\/a><\/div><div class=\"eael-entry-thumbnail \">\n                <img loading=\"lazy\" decoding=\"async\" width=\"300\" height=\"195\" src=\"http:\/\/corcia.org\/Im2020\/wp-content\/uploads\/daviod-discobole-300x195.jpg\" class=\"attachment-medium size-medium wp-image-2245\" alt=\"\" srcset=\"http:\/\/corcia.org\/Im2020\/wp-content\/uploads\/daviod-discobole-300x195.jpg 300w, http:\/\/corcia.org\/Im2020\/wp-content\/uploads\/daviod-discobole-768x498.jpg 768w, http:\/\/corcia.org\/Im2020\/wp-content\/uploads\/daviod-discobole-500x324.jpg 500w, http:\/\/corcia.org\/Im2020\/wp-content\/uploads\/daviod-discobole.jpg 800w\" sizes=\"auto, (max-width: 300px) 100vw, 300px\" \/>\n            <\/div>\n        <\/div><div class=\"eael-entry-wrapper\"><header class=\"eael-entry-header\"><h2 class=\"eael-entry-title\"><a\n                        class=\"eael-grid-post-link\"\n                        href=\"http:\/\/corcia.org\/Im2020\/bruxelles-le-chat\/\"\n                        title=\"Bruxelles &#8211; Le chat\">Bruxelles &#8211; Le chat<\/a><\/h2><\/header><div class=\"eael-entry-content\">\n                        <div class=\"eael-grid-post-excerpt\"><p>David et Cammy sont pass\u00e9s \u00e0 Bruxelles voir les cousins Belges. Ils en ont profit\u00e9.....<\/p><\/div>\n                    <\/div><\/div><\/div>\n        <\/div>\n    <\/article><article class=\"eael-grid-post eael-post-grid-column\" data-id=\"568\">\n        <div class=\"eael-grid-post-holder\">\n            <div class=\"eael-grid-post-holder-inner\"><div class=\"eael-entry-media\"><div class=\"eael-entry-overlay fade-in\"><i class=\"fab fa-yammer\" aria-hidden=\"true\"><\/i><a href=\"http:\/\/corcia.org\/Im2020\/le-chat-de-bruxelles\/\"><\/a><\/div><div class=\"eael-entry-thumbnail \">\n                <img loading=\"lazy\" decoding=\"async\" width=\"300\" height=\"230\" src=\"http:\/\/corcia.org\/Im2020\/wp-content\/uploads\/2019\/03\/Le-Chat-Par-olivier-1-300x230.jpg\" class=\"attachment-medium size-medium wp-image-570\" alt=\"\" srcset=\"http:\/\/corcia.org\/Im2020\/wp-content\/uploads\/2019\/03\/Le-Chat-Par-olivier-1-300x230.jpg 300w, http:\/\/corcia.org\/Im2020\/wp-content\/uploads\/2019\/03\/Le-Chat-Par-olivier-1-768x588.jpg 768w, http:\/\/corcia.org\/Im2020\/wp-content\/uploads\/2019\/03\/Le-Chat-Par-olivier-1.jpg 800w\" sizes=\"auto, (max-width: 300px) 100vw, 300px\" \/>\n            <\/div>\n        <\/div><div class=\"eael-entry-wrapper\"><header class=\"eael-entry-header\"><h2 class=\"eael-entry-title\"><a\n                        class=\"eael-grid-post-link\"\n                        href=\"http:\/\/corcia.org\/Im2020\/le-chat-de-bruxelles\/\"\n                        title=\"Le Chat de Bruxelles\">Le Chat de Bruxelles<\/a><\/h2><\/header><div class=\"eael-entry-content\">\n                        <div class=\"eael-grid-post-excerpt\"><p>Philippe Geluck est n\u00e9 \u00e0&nbsp;Bruxelles&nbsp;le&nbsp;7&nbsp;mai&nbsp;1954. Le Chat est une s\u00e9rie de dessins humoristiques de presse.....<\/p><\/div>\n                    <\/div><\/div><\/div>\n        <\/div>\n    <\/article><\/div>\n            <div class=\"clearfix\"><\/div>\n        <\/div>\t\t<\/div>\n\t\t\t\t<\/div>\n\t\t\t\t\t\t<\/div>\n\t\t\t\t\t<\/div>\n\t\t<\/div>\n\t\t\t\t\t\t\t\t<\/div>\n\t\t\t\t\t<\/div>\n\t\t<\/section>\n\t\t\t\t\t\t\t\t\t<\/div>\n\t\t\t<\/div>\n\t\t\t\t\t<\/div>\n\t\t","protected":false},"excerpt":{"rendered":"<p>La Belgique, pays de la frrritte, de la bi\u00e8re, du chocolat &#8230; et de la bande dessin\u00e9e. Il est logique que la premi\u00e8re Imitation soit celle d&rsquo;un fameux personnage de BD. C&rsquo;est aussi le pays des cousins Valentin ! Bruxelles &#8211; Le chat David et Cammy sont pass\u00e9s \u00e0 Bruxelles voir les cousins Belges. Ils&hellip;<\/p>\n","protected":false},"author":1,"featured_media":0,"parent":0,"menu_order":0,"comment_status":"closed","ping_status":"closed","template":"","meta":{"_vp_format_video_url":"","_vp_image_focal_point":[],"footnotes":"","_wp_rev_ctl_limit":""},"class_list":["post-564","page","type-page","status-publish","hentry"],"_links":{"self":[{"href":"http:\/\/corcia.org\/Im2020\/wp-json\/wp\/v2\/pages\/564","targetHints":{"allow":["GET"]}}],"collection":[{"href":"http:\/\/corcia.org\/Im2020\/wp-json\/wp\/v2\/pages"}],"about":[{"href":"http:\/\/corcia.org\/Im2020\/wp-json\/wp\/v2\/types\/page"}],"author":[{"embeddable":true,"href":"http:\/\/corcia.org\/Im2020\/wp-json\/wp\/v2\/users\/1"}],"replies":[{"embeddable":true,"href":"http:\/\/corcia.org\/Im2020\/wp-json\/wp\/v2\/comments?post=564"}],"version-history":[{"count":3,"href":"http:\/\/corcia.org\/Im2020\/wp-json\/wp\/v2\/pages\/564\/revisions"}],"predecessor-version":[{"id":2412,"href":"http:\/\/corcia.org\/Im2020\/wp-json\/wp\/v2\/pages\/564\/revisions\/2412"}],"wp:attachment":[{"href":"http:\/\/corcia.org\/Im2020\/wp-json\/wp\/v2\/media?parent=564"}],"curies":[{"name":"wp","href":"https:\/\/api.w.org\/{rel}","templated":true}]}}